) = t*q(u) - 7*r(u). Give h(-6).
7
Let b(v) = 6*v - 38 + 19 + 21. Determine b(-4).
-22
Let x(c) = -4*c**3 + 2*c**2 + c. Suppose 5*s - 4*s - 1 = 0. Let u(z) = 2*z**2 - 6*z**2 + 3*z**2. Let h be u(s). Give x(h).
5
Let i(a) be the second derivative of a**4/12 + a**3/6 - 4*a**2 + 2*a - 5. Give i(0).
-8
Let y(x) = -x**3 + x**2 + x + 18. Suppose 3*m = 6*m. Give y(m).
18
Let y(t) = -t - 5. Let q(c) = 3*c**2 - 4. Let m(f) = 4*f**2 - f - 5. Let o(g) = -4*m(g) + 5*q(g). Let j be o(5). What is y(j)?
0
Let y(s) = 3*s + 6. Let x be y(6). Suppose -2*v + v - x = -5*p, -20 = -5*v - 3*p. Let m(o) = -3*o**2 - o. Give m(v).
-4
Let f(j) = -j. Suppose 8 + 1 = -3*l. Let i be -5*(10 + (-4 - l)). Let d be (-1)/5 + 81/i. Give f(d).
2
Let k(h) = -h**3 + 10*h**2 + 9*h + 18. Let m be k(11). Let z(s) = -3*s + 3. Calculate z(m).
15
Let l(g) be the third derivative of g**5/60 + g**4/24 + 2*g**3/3 + g**2. Let d(s) = 2*s**2 + s + 5. Let n(k) = 5*d(k) - 6*l(k). Give n(1).
4
Let s(n) = -n**3 - 3*n**2 + 6*n + 4. Let m be (-31)/7 + 33/77. Give s(m).
-4
Let u(o) = o + 4. Suppose -3*a - 3*f - 1 - 5 = 0, -4*a + 5*f = 53. What is u(a)?
-3
Suppose -17 = -5*o - 7. Let z(i) = i - 3*i**2 + 0*i**o + 4 + 5*i + 4*i**2. Determine z(-4).
-4
Let f = -17 + 34. Let w be f/5 - (-3)/5. Let l(j) = 0 - 1 - w - j. Give l(-5).
0
Let t = 9 + -8. Let g be t + (4 - 1) - 9. Let a(y) = 6*y**3 + 5*y**2 + 6*y - 3. Let s(b) = -b**3 - b + 1. Let c(d) = -a(d) - 5*s(d). Determine c(g).
3
Let n(p) be the third derivative of 0*p + 1/6*p**3 + 0 + 11*p**2 + 11/24*p**4. Determine n(-1).
-10
Let t(s) = 2*s - 7. Let q(c) = 13*c - 21. Let u be q(2). What is t(u)?
3
Let m(x) = x**2 + x + 1. Let k be m(-2). Suppose -k*l = z - 11, -2*z + 3 = l - 4. Let s(h) = h**2 - 5*h - 6 + 3 - z. Determine s(5).
-5
Let p(l) = -3*l**2 + 2*l + 1. Let j be (-2)/3*36/(-8). Suppose v - 15 = 4*d, -j*d - 16 = v - 3. Give p(v).
-4
Let y(d) = 5*d + 6*d + 4*d - 12*d - 1. What is y(-1)?
-4
Let q(u) = 3*u - 2. Let o(a) = -a**3 + 4*a**2 - 2*a - 1. Let g be o(2). What is q(g)?
7
Let f(p) = p**3 - p**2 + 1. Let o be f(2). Suppose -4*m - 5*n = -n - 4, 3*m = n + 23. Let t(c) = -2*c + 7 + m*c - o. What is t(-2)?
-6
Let g(v) = v**3 + v**2 + 3*v + 3. Suppose 5*m - 4*s + 2 = 4, -5*m = s + 13. Let a be -1 - (2 + (m - -1)). What is g(a)?
-7
Let r = 2 + -2. Suppose 6 = 2*h, r = j - 2*j + 2*h - 10. Let g(w) = -w**2 - 6*w + 4. Give g(j).
12
Let n(m) = -6 - m + 6. Let a(k) = -k**2 - k - 3. Let t(r) = -a(r) - 2*n(r). Calculate t(-2).
1
Let k(i) = i**3 - i**2 - i - 1. Let h = 14 - 6. Suppose 14 = -2*n + 5*s, 3*s - 4 = 8. Suppose 5*c = m + h, -m + 4*c = n*m. Determine k(m).
1
Suppose 4*v = -3*c + 13 + 14, 0 = -v + 3*c - 12. Let a(q) = v*q + 7*q**2 - 4*q - 4*q**2 - q**3 + 0*q**2 + 2. Suppose 4 = 3*o - o. Calculate a(o).
4
Let o(u) = 10*u**2 - 8*u - 2. Let j(g) = g**2 - g. Let d(t) = 12*j(t) - o(t). Calculate d(3).
8
Let b(y) = -5 - 4*y**2 - 12*y**3 + 23*y**3 - 12*y**3 + 2*y. Give b(-5).
10
Let l(z) be the first derivative of z**3/3 + 5*z**2/2 + 3*z + 2. Suppose 0 = -h - 0*h - 5. What is l(h)?
3
Let h(q) = -q**2 + 5*q + 7. Let c be h(6). Let k(n) = 5*n + 3. Let g(x) = x. Let l(w) = c*k(w) - 6*g(w). Give l(6).
-3
Let q(w) = 4*w + 3. Suppose -2*f - 6 + 2 = 0. Calculate q(f).
-5
Let i(o) be the first derivative of -8*o**3/3 - o**2 - o - 13. Determine i(-1).
-7
Let r(p) = -2*p - 6. Let g(j) = j + 6*j + 1 - j. Let z be g(-1). Determine r(z).
4
Let r be ((-34)/(-8))/((-2)/8). Let w = r + 30. Let d = -9 + w. Let f(i) = -i**2 + 3*i + 1. Calculate f(d).
-3
Let h(p) = -5*p**2 + p. Suppose 0*b - 8 = b. Let r = b - -7. What is h(r)?
-6
Let n(f) = 2*f**2 - 2*f + 1. Suppose 0 = -k - 5 - 3. Let x = 11 + k. What is n(x)?
13
Let y be 3 - -1 - 3/3*-6. Let p(r) = -r**3 + 9*r**2 + 9*r + 7. Calculate p(y).
-3
Suppose 0 = 3*b - 3 - 0. Suppose -4*f = 15 + b. Let y(g) be the first derivative of -g**3/3 - 5*g**2/2 - 2*g - 1. What is y(f)?
2
Let m = 17 + -16. Let p(t) = -t**3 + 2*t**2 + 2*t - 2 + m + 0*t**3 + 0*t**2. What is p(2)?
3
Let n(d) = d**3 + d - 16. Suppose 13*u = 11*u. Give n(u).
-16
Let h(c) = c**2 - 7*c - 3. Let g be h(8). Let d(f) = -f**3 + 5*f**2 - f + 6. What is d(g)?
1
Let u(v) be the second derivative of v**3/3 + 5*v**2/2 - 2*v. Calculate u(-4).
-3
Let o = 14 - 13. Let b(i) = 3*i**3 + 2*i**2 - 2*i + 1. Calculate b(o).
4
Suppose 3*r + r + 8 = 0. Let f(x) = 4*x + 3. Let q(z) = 5*z + 5. Let k(h) = -h - 1. Let n(t) = 4*k(t) + q(t). Let w(u) = f(u) - 6*n(u). Give w(r).
1
Let n(y) be the first derivative of -1/4*y**4 - 1 - 1/2*y**2 - 4/3*y**3 - 2*y. Determine n(-2).
-8
Let i(t) be the third derivative of -t**5/60 + t**4/8 - 5*t**3/6 - 7*t**2. Let j be (5 - 2 - 1) + 4. Let c = -2 + j. Determine i(c).
-9
Let d = -7 - -7. Suppose d*l - 8 = 4*l. Let f(g) be the third derivative of -g**5/60 - g**4/24 - g**3/6 - 2*g**2. What is f(l)?
-3
Let v(q) = 2*q + 5. Let y(z) = z**2 + 21*z + 61. Let w be y(-18). What is v(w)?
19
Let o(r) = 2*r**2 + 2*r - 1. Let h be o(1). Let p(k) = k - 2*k - h - k**3 + k**2 + 7. Give p(0).
4
Let z(d) = -d - 3. Let w be 1/(6/(-4))*6. Let o = 7 + w. Determine z(o).
-6
Let c(r) = -r**2 - 2*r + 3. Suppose 0 = 6*y - 3*y - v - 93, -4*y + 117 = v. Let k be -9*(-3 + y/9). Determine c(k).
0
Let k(a) be the first derivative of -3/20*a**5 + 2 + 1/12*a**4 + 0*a - 5/2*a**2 - 1/6*a**3. Let o(v) be the second derivative of k(v). Give o(1).
-8
Let d = -23 - -29. Let b(m) = -m + 5. What is b(d)?
-1
Let i(l) = 0*l + 2*l - 4*l**2 + 1 + 6*l**2. Let p = 9 - 10. Determine i(p).
1
Let l(t) = -2*t + 2. Let h be l(-1). Let m(z) = -2*z - 2*z**3 - 2*z + 3*z - h*z**2 + z**2. What is m(-2)?
6
Let m(f) = 4*f**3 + 2*f**2 - 2. Let j(o) be the third derivative of -o**6/24 - o**5/60 + o**3/6 + 2*o**2. Let y(p) = 3*j(p) + 4*m(p). Give y(-5).
-5
Let o(r) = r**3 - 8*r**2 + r - 3. Let t = -24 + 32. Calculate o(t).
5
Let r(j) be the first derivative of -j**2 - 3*j - 7. Let d be 1/3*-2*3. Let i be (4/d + 1)*-3. What is r(i)?
-9
Let b(f) be the third derivative of f**5/60 - 7*f**4/24 - f**3/3 + 2*f**2 + 6. Calculate b(6).
-8
Let p(h) = 11*h**2 - 12*h + 11. Let x be 3*2/6 - 9. Let a(t) = -4*t**2 + 4*t - 4. Let i(w) = x*a(w) - 3*p(w). Let n(k) = -k - 2. Let l be n(-7). Determine i(l).
-6
Let m(x) = -2 - 2 - 5 + 7 - x**2 - 4*x. Calculate m(-5).
-7
Let q(l) = l**2 - 2*l - 3. Let w = -22 - -25. What is q(w)?
0
Let m(z) = -z**3 + 6*z**2 - 2*z + 5. Suppose 0 = -w - 5*o - 14, -2*o = 5*w + 5 - 27. What is m(w)?
-7
Let q(y) = y**2 - 4*y - 4. Let l be 41/2 - (-1)/(-2). Suppose -x = -4*i - 5*x - 16, -3*i = 5*x + l. Suppose -2*f = -i*f - 10. Give q(f).
1
Let z(o) = -11*o - 6. Let k(r) = 5*r + 3. Let q be 2/8 - (-35)/4. Let t(l) = q*k(l) + 4*z(l). Calculate t(5).
8
Suppose 0 = -9*q + 59 + 13. Let w(k) = -k**3 + 8*k**2 - k + 4. Determine w(q).
-4
Let o(h) = -h**3 - 4*h**2 + 4*h + 5. Suppose 14 + 1 = -3*x. Give o(x).
10
Let a(s) = -s**3 - 5*s**2 - 3*s + 3. Let j = 8 + -3. Let u = j - 8. Determine a(u).
-6
Let c(m) = -7*m**3 - 2*m**2 - 2*m - 1. Let u = -11 - -9. Let q be u/(-13) - (-60)/(-52). Give c(q).
6
Let c(s) = s**2 - s + 6. Suppose -1 = -2*i + 5. Suppose i*p = 6*p. What is c(p)?
6
Let y be 0 - (-4)/((-8)/(-10)). Let i(m) = m - 2. Give i(y).
3
Let h(z) = z**2 - 2*z + 3. Suppose 3*u + 3*a = 2*a + 3, 4*u - 2 = -2*a. Let d be h(u). Let q(y) = y**3 - 5*y**2 + y + 4. What is q(d)?
-11
Let o(c) = 7*c**2 + 3*c + 1. Let s(l) = 15*l**2 + 7*l + 2. Let a(k) = 13*o(k) - 6*s(k). Let y(u) = -u**3 + 7*u**2 - 7*u + 7. Let q be y(6). Determine a(q).
-1
Let h(k) = 2*k**2 - k. Suppose 2*m = 10 - 6. Suppose 3*w - 5 + m = 0. Give h(w).
1
Let i(l) = -l**3 + 6*l**2 - 2*l + 8. Let d be (-130)/(-18) + (-4)/18. Let y = d - 1. Give i(y).
-4
Let y(p) = -p + 16. Let c be (-3 - (-48)/20)*-20. Determine y(c).
4
Let g(o) = o - o**3 + o + 3 + 4*o - 5*o**2 + o**2. Calculate g(-5).
-2
Let k(w) = -w + 12. Let z(r) = -3*r + 24. Let t(n) = -5*k(n) + 2*z(n). Let h be t(-9). Let y(p) = p + 2 - 1 + 2. Determine y(h).
0
Let z be (-4)/1 + (-2 - -4). Let g(p) = 2*p - 1. What is g(z)?
-5
Let o(i) be the third derivative of -7*i**4/24 - i**3/6 - 14*i**2 - i. What is o(-1)?
6
Suppose -4*n = 3*h + 6, 8 = -7*h + 3*h - 4*n. Let q(l) = 4. Let a be 7/2 - (-3)/(-6). Let s(p) = p**2 - p + 3. Let k(f) = a*s(f) + h*q(f). Calculate k(2).
7
Let j(i) = i - 5. Suppose -